13221301
In base 13, what is a5178 + -9?
a516c
In base 9, what is 22 + 1415544?
1415566
In base 14, what is -207 - 5c6?
-7cd
In base 8, what is -3 + 1033126?
1033123
In base 3, what is -102102002111 - 11120?
-102102021001
In base 7, what is -614243022 - 5?
-614243030
In base 4, what is 3 + -330223233220?
-330223233211
In base 16, what is -17e97b + -9?
-17e984
In base 11, what is -77a54 + -2047?
-79aa0
In base 10, what is 39497 - 2980?
36517
In base 2, what is -11010111001111010 - -1101001?
-11010111000010001
In base 2, what is 10100 - 1010100001100100011111001?
-1010100001100100011100101
In base 6, what is 2201352 + -1123?
2200225
In base 6, what is 0 - 201554525?
-201554525
In base 9, what is -521475004 - 1?
-521475005
In base 14, what is 2 - -901ca1?
901ca3
In base 16, what is 9286 + 70?
92f6
In base 7, what is 1365063252 + -5?
1365063244
In base 8, what is -4 - 10746524?
-10746530
In base 6, what is 420 + 112513213?
112514033
In base 7, what is 2030134605 - -1?
2030134606
In base 8, what is 504 + 50520?
51224
In base 14, what is -c5b5 + -240?
-c815
In base 7, what is -5 - 125055631?
-125055636
In base 8, what is 0 - -10107634?
10107634
In base 14, what is 1038 + -2499?
-1461
In base 2, what is -101 - -10001010110110011110010?
10001010110110011101101
In base 16, what is 7f45 - 23a?
7d0b
In base 9, what is 11423 + -15?
11407
In base 15, what is 2666 - 203c?
629
In base 3, what is -110120110222111 - 2?
-110120110222120
In base 4, what is 103 + 122310012?
122310121
In base 11, what is -229316a06 + 2?
-229316a04
In base 8, what is 55027 - -176?
55225
In base 10, what is -17787 - -2680?
-15107
In base 2, what is 11000001001010010000010 - -1?
11000001001010010000011
In base 5, what is -11 + -3204043421?
-3204043432
In base 2, what is 100 + 1011011101110101000101?
1011011101110101001001
In base 7, what is -12 - -1660446?
1660434
In base 2, what is -1000101001 - 111000100?
-1111101101
In base 7, what is -10 + -24230224?
-24230234
In base 3, what is 1101 - 220202202011?
-220202200210
In base 16, what is 2f + -123cd?
-1239e
In base 10, what is -13122 + 959?
-12163
In base 4, what is 1201202 + -2030313?
-223111
In base 5, what is -104130004434 - 3?
-104130004442
In base 15, what is e - 16414c?
-16413d
In base 5, what is 1010304 - 3403?
1001401
In base 5, what is 10220 - -13202?
23422
In base 2, what is -111 + 10010011010111010100110?
10010011010111010011111
In base 12, what is 564 - 2606a3?
-26013b
In base 15, what is 5 - ae3c6?
-ae3c1
In base 7, what is -5 - -41510601?
41510563
In base 4, what is 231 + -1213130310?
-1213130013
In base 11, what is -77 + -66269?
-66335
In base 5, what is -10 + -3200001044?
-3200001104
In base 3, what is -100110212221102 - 10?
-100110212221112
In base 15, what is aee8ced - -4?
aee8d02
In base 12, what is 4bb3 + -1785?
342a
In base 10, what is 81595 - -25?
81620
In base 2, what is 0 + -10001110110000101000000110?
-10001110110000101000000110
In base 4, what is 323101130301 - 1?
323101130300
In base 14, what is -4 - 5176b6b?
-5176b71
In base 8, what is -75160144 + 1?
-75160143
In base 11, what is -17254522 + 8?
-17254515
In base 11, what is -211a57 + -96?
-212042
In base 8, what is -144131 - 44?
-144175
In base 15, what is -189c3 - 14?
-189d7
In base 11, what is -9a7 + -123961?
-124858
In base 4, what is 1203133300 - 131?
1203133103
In base 11, what is -46 - -9361?
9316
In base 10, what is 3 + -970396?
-970393
In base 7, what is 10554 - 620213?
-606326
In base 16, what is 2b - 302803?
-3027d8
In base 3, what is -12 - -212110012202221000?
212110012202220211
In base 14, what is -180343d + 5?
-1803438
In base 13, what is 30b + -4190?
-3b82
In base 16, what is -4e + -3f59?
-3fa7
In base 14, what is 6c6 - 393?
333
In base 7, what is 2211141634 + -2?
2211141632
In base 16, what is 28 + 1908741?
1908769
In base 15, what is bc524 - 338?
bc1db
In base 5, what is -10 - -1320204000?
1320203440
In base 13, what is 3 + -cc560a?
-cc5607
In base 11, what is 3 - -28503479?
28503481
In base 5, what is -3 - -241102222?
241102214
In base 5, what is 1001 + -332130?
-331124
In base 8, what is 24212 - -13556?
37770
In base 4, what is -10212 + -213303211?
-213320023
In base 9, what is -572154 - 338?
-572503
In base 12, what is 37587 - 33a2?
341a5
In base 13, what is 56 + 1bb33?
1bb89
In base 13, what is b033 + -112?
ac21
In base 3, what is -1221 + 21120110212?
21120101221
In base 5, what is 43002311302 - 2?
43002311300
In base 12, what is 246 + -2b39?
-28b3
In base 2, what is 1101110 + -11001100100100?
-11001010110110
In base 10, what is -449516 - -363?
-449153
In base 2, what is -1101001000100100110000100 + -10?
-1101001000100100110000110
In base 10, what is -2891 - 44658?
-47549
In base 9, what is -4 - -211645811?
211645806
In base 3, what is -1212 - -2102002011?
2102000022
In base 11, what is -15864a8 - 55?
-1586552
In base 11, what is -1430292 - 1?
-1430293
In base 15, what is 2e + c9331?
c9360
In base 11, what is -2 + 290259a?
2902598
In base 7, what is -3313314 + 135?
-3313146
In base 16, what is 5 - 177e1d?
-177e18
In base 8, what is 26 - 175303?
-175255
In base 9, what is -21 - -1451301?
1451270
In base 8, what is -3236117 - -241?
-3235656
In base 15, what is -1 + -5da854?
-5da855
In base 7, what is -323200 - -2562?
-320305
In base 4, what is 123100 - 20233111?
-20110011
In base 5, what is 4 + -120231020?
-120231011
In base 7, what is -1065 - -5445336?
5444241
In base 4, what is -111203300232 + 10?
-111203300222
In base 16, what is -81 - 5fcd?
-604e
In base 13, what is 6a2 - 131a?
-948
In base 10, what is -69299 - 986?
-70285
In base 14, what is 18 + -2d0c503?
-2d0c4c9
In base 8, what is -1716 + -1226732?
-1230650
In base 10, what is -17369804 + -5?
-17369809
In base 9, what is -215761237 + 2?
-215761235
In base 4, what is -31 - 10112110320?
-10112111011
In base 11, what is -2769 + 1522?
-1247
In base 6, what is -41550 - 30024?
-112014
In base 14, what is -408c + -95?
-4143
In base 8, what is 75410543 + 3?
75410546
In base 5, what is 2221131 - -143?
2221324
In base 13, what is -5 - c92c5b?
-c92c63
In base 5, what is 3442300443 + 2?
3442301000
In base 10, what is 180 + 21402?
21582
In base 12, what is -121860b4 + -7?
-121860bb
In base 15, what is -4 - 1113200?
-1113204
In base 4, what is -10 + 113133033200?
113133033130
In base 4, what is -133110013 + -11011?
-133121030
In base 14, what is 860d7 - -2b?
86124
In base 11, what is 140 + 717449?
717589
In base 12, what is 20 + -43079?
-43059
In base 12, what is 730598 - -9?
7305a5
In base 11, what is -24508909a - 2?
-2450890a1
In base 10, what is 3 - 43725332?
-43725329
In base 7, what is 1 + 6656444?
6656445
In base 15, what is 34 - -c587?
c5bb
In base 5, what is 143041413 + -40?
143041323
In base 2, what is -10 + 1001010111001111101011011110?
1001010111001111101011011100
In base 7, what is -416 + -1104264?
-1105013
In base 4, what is -23030313031 + 220?
-23030312211
In base 12, what is -8b + -344a082?
-344a151
In base 6, what is 212 + 40413312?
40413524
In base 4, what is -300202232 - 21020?
-300223312
In base 15, what is ae7aa98 - 1?
ae7aa97
In base 15, what is -c + -263135?
-263142
In base 15, what is -6 - -12a5b46?
12a5b40
In base 4, what is 10 - 10012213133?
-10012213123
In base 4, what is -1030020 - -223130130?
222100110
In base 3, what is 220 + -222100122021?
-222100121101
In base 12, what is 39 + 982aa?
98327
In base 14, what is 4 + -42c6c6bb?
-42c6c6b7
In base 5, what is 3002100 - 2404?
2444141
In base 4, what is 23 + -10000111200?
-10000111111
In base 9, what is -2108 - -212350?
210241
In base 16, what is -109e023 - -5?
-109e01e
In base 13, what is -3 - -1bbbc633?
1bbbc630
In base 4, what is 12001022 - -1013121?
13020203
In base 13, what is -19536 + 483?
-19083
In base 3, what is 100 + -202221222201?
-202221222101
In base 15, what is -41 + -7c815?
-7c856
In base 16, what is 4173d0 + -1?
4173cf
In base 13, what is 9bb32 - 1?
9bb31
In base 16, what is 534da6d + -1?
534da6c
In base 4, what is 3 + -102032331033?
-102032331030
In base 10, what is 4 - 2009906?
-2009902
In base 6, what is -3234544101 + 5?
-3234544052
In base 15, what is -73362 + -16?
-73378
In base 3, what is -1 + -11010210120?
-11010210121
In base 5, what is 3204222424 - -310?
3204223234
In base 6, what is -31 - 1020